ors of (k + 0 - 1) + 6?
3
Suppose -120 = -15*b + 12*b. Let r = b + -5. What are the prime factors of r?
5, 7
Let h(g) = g**3 - 4*g**2 - 6*g + 6. Let k be h(5). Suppose -5*n - k = p - 120, 77 = 3*n - 5*p. List the prime factors of n.
2, 3
Let c = 14 - -30. List the prime factors of c.
2, 11
Suppose 0 = -0*i - 3*i + 48. Suppose -2*g = -10 - i. List the prime factors of g.
13
Suppose 3*x - 3*b + 9 = 0, -6*b = 3*x - 3*b - 9. Suppose -t + x*t = -15. Let c = t + -10. What are the prime factors of c?
5
Suppose 2*j - 7 = -v, 5*v = 2*j - 4 - 9. Let b be 19 - (-2 + v - -2). Suppose -2*n - 4*l = -0*l - b, 45 = n - 5*l. List the prime factors of n.
2, 5
Let x(p) = p**2 - 3*p. Let d be x(4). Suppose -13 - 3 = -d*o. Suppose -o*c + 12 = -3*c. What are the prime factors of c?
2, 3
Let v(y) = -y**3 + 3*y**2 + 2*y + 4. Let k(r) = r**3 - 4*r**2 - 6*r + 7. Let h be k(5). Let a be h/(-8) + (-26)/(-8). What are the prime factors of v(a)?
2, 5
Let c(z) = z**2 - 3*z. Suppose 5*x - 35 = -10. What are the prime factors of c(x)?
2, 5
Suppose -h + 4*b + 75 = 0, -2*b - 39 = -h - 7*b. What are the prime factors of h?
59
Suppose 2*l = l + 53. List the prime factors of l.
53
Let q = 2 - 1. Suppose -u + q = -6. What are the prime factors of u + (1 + -2 - -1)?
7
Let p(t) be the second derivative of -2/3*t**3 + 1/2*t**4 + 0*t**2 + 0 - 1/20*t**5 - 3*t. What are the prime factors of p(5)?
5
Suppose -5*u = 13 + 2. Let a be -4 - (0 - (u + 5)). Let g(w) = -2*w**3 - 2*w**2 - 3*w - 3. List the prime factors of g(a).
11
Suppose 3*n = n + 2. Let i(d) = -n + 2*d**2 - 3*d**2 + 4*d**2 + d**3 + 3. What are the prime factors of i(-2)?
2, 3
Let q(s) = s**3 + 4*s**2 - s - 4. Let n be q(4). Suppose 0*p - n = -5*p. What are the prime factors of p?
2, 3
Let s(v) = v**3 + v**2 - 2*v. List the prime factors of s(3).
2, 3, 5
Suppose -87 = -5*m + 58. What are the prime factors of m?
29
Let i = -33 - -59. List the prime factors of i.
2, 13
Let w be ((-98)/21)/(2/(-12)). Let b be (-7)/(-2)*16/w. List the prime factors of 138/15 + b/(-10).
3
Let t(w) = -w**2 + 5*w + 4. Let r(u) = -2*u - 9. Let z be r(-6). Suppose 5*p = -5, 3*o - 2*o - 8 = z*p. List the prime factors of t(o).
2
Suppose -337 = -4*j + 183. List the prime factors of j.
2, 5, 13
Suppose -4*w + 44 = -36. Let q = w - 7. Let f = 21 - q. List the prime factors of f.
2
Let l be ((-4)/(-6))/((-4)/(-6)). Let r(c) = -16*c**2 + 6*c - 1. Let m(z) = -15*z**2 + 5*z - 1. Let h(u) = -4*m(u) + 3*r(u). List the prime factors of h(l).
11
Let j = 20 - -60. List the prime factors of j.
2, 5
Let y be 8/(-20)*9*-35. Let k = y + -90. List the prime factors of k.
2, 3
Let i = -3 + 10. Suppose 2*j - i*j - 13 = -4*x, 4*j - 40 = -4*x. What are the prime factors of x?
7
Suppose f = 5*a + 20, 0 = 5*a - 0*f - 2*f + 20. Let w = a - -10. List the prime factors of w.
2, 3
Suppose -y = 3*j - 303, 0 = -y + 6 - 3. List the prime factors of j.
2, 5
Let o = 4 - -24. Suppose 138 = 5*q + o. Let s = q - 13. List the prime factors of s.
3
Let p(a) = -3*a - 12. Let m(c) = c + 6. Let r(g) = -9*m(g) - 4*p(g). Let u be r(4). Let b(i) = i**3 - 7*i**2 + 6*i + 8. What are the prime factors of b(u)?
2
Let u(i) = i**2 + 1. Let s be u(3). Suppose 9*x - 4*x = -5*w + 135, 5*w = 25. Let g = x - s. List the prime factors of g.
2, 3
Suppose 5*b - 39 - 81 = 0. Let y(d) = d**3 - 4*d**2 + 5*d - 4. Let l be y(3). Suppose l*i - 4 = b. What are the prime factors of i?
2, 7
Suppose 26 = c - 5*u + 2, 5*c + 4*u = -25. Let d = 7 + c. List the prime factors of d.
2, 3
Let c(u) = 10*u**2 + 5*u + 4. List the prime factors of c(-2).
2, 17
What are the prime factors of (2 + -20 + 0)/(-2)?
3
Suppose -m = -16 - 2. Let w = m - 3. List the prime factors of w.
3, 5
Suppose -2*s + 34 = 3*k, -3*k + 4*s + 28 = -k. Suppose 2*u + 0*u = k. List the prime factors of u.
2, 3
Suppose 4 = -o + 10. List the prime factors of 1 - (o*-2 - 2).
3, 5
Let p be 0 + -1 - (-12 - -17). What are the prime factors of ((-9)/p)/(1/8)?
2, 3
Let u = -10 + 5. Let q(j) = 3*j**3 - 5*j**2 - 9*j + 3. Let x(n) = -2*n**3 + 2*n**2 + 5*n - 1. Let f(v) = u*x(v) - 3*q(v). List the prime factors of f(-4).
2
Let d = 14 + -7. What are the prime factors of d?
7
Let r be -2 - (-2 + 2/(-1)). Let o(a) = -2*a**2 - 2*a + 2. Let b be o(-2). What are the prime factors of (3/r)/(b/(-12))?
3
List the prime factors of (-3 + 0)/(2/(-26)).
3, 13
Let z be 18*4/6*-19. What are the prime factors of (1/(-2))/(6/z)?
19
Let c be -1 + ((-3)/(-1) - -9). Suppose u = 6*u + 25. Let p = c + u. What are the prime factors of p?
2, 3
List the prime factors of (-9)/(18/(-52)) + 2.
2, 7
Let w(g) = -10*g - 3. List the prime factors of w(-2).
17
Suppose -2*x = 5*d - 3, 3*x + 2*x - 18 = -2*d. Suppose 0*i + x = i. Suppose 1 - 2 = -r + w, i = -2*r + 5*w. What are the prime factors of r?
3
Suppose -5*k = -4*k - 4. Suppose 2*p = 3*m - 23, -3*m - 5 = -k*m + 2*p. List the prime factors of m.
3
Let y be 390/54 + (-4)/18. Let p = y + 1. List the prime factors of p.
2
Let v(q) be the first derivative of 1/4*q**4 + 3 + 0*q - q**2 - 2/3*q**3. What are the prime factors of v(3)?
3
Let i(x) = 53*x**3 - 2*x - 1. Let u be i(-1). Let d = -31 - u. Let b = d - 1. List the prime factors of b.
2, 5
Let z(i) = -i**3 - 5*i**2 + 7*i + 7. Suppose -2*t - 2*n - 20 = 0, 0*t + 4*t = 4*n. Let u be z(t). Let a = -17 - u. List the prime factors of a.
11
Let g = 129 + -81. Suppose g + 42 = 2*d. Suppose 3*i = 5*p + d, 3*i + i + 2*p = 34. What are the prime factors of i?
2, 5
Let j(o) = 3*o**3 + o**2 - o - 1. Let m be j(-1). Let c(f) = f**3 + 2*f**2 - 2*f. Let z be c(-2). What are the prime factors of m/(-8) + 7/z?
2
Suppose -2*f + 101 = -f + h, 0 = -4*f - 2*h + 414. List the prime factors of f.
2, 53
Suppose -w + 6 = -0. Suppose 0 = q + 2 - w. List the prime factors of q.
2
Suppose -5*x = 5*r - 365, -r + 6*r - 5*x - 375 = 0. Suppose 4*o = r + 50. List the prime factors of o.
31
Let c = 18 - 11. List the prime factors of c.
7
Let f be (-2)/(4*3/(-90)). Let c be (5/15)/(1/f). Suppose c*n - n - 4*y = 8, 5*n = 4*y + 13. List the prime factors of n.
5
Let q(x) = -x**3 + 7*x**2 - 5*x + 2. Let f = -34 - -50. Let m = -10 + f. What are the prime factors of q(m)?
2
Let k = 41 + -18. Let r = k + -15. What are the prime factors of r?
2
Suppose -5*o = 0, n + 2*o = -n. Suppose n = -h - h + 44. Suppose -h = -4*r + 6. List the prime factors of r.
7
Let k(z) = -z**3 + 10*z**2 - 7*z - 1. Let o(g) = -g**3 + 10*g**2 - 8*g - 1. Let u(x) = 2*k(x) - 3*o(x). Suppose w = -0*w + 9. List the prime factors of u(w).
2, 5
Suppose -1 = -y - 9. Let b = y + 40. What are the prime factors of b?
2
Let k(g) = 52*g - 7. Let f be k(6). Let c = 565 - f. What are the prime factors of c/15 + 2/3?
2, 3
What are the prime factors of (-2 + 3)/((-4)/(-100))?
5
Suppose 11*t = 8*t + 78. What are the prime factors of t?
2, 13
Let u = -24 + 27. List the prime factors of u.
3
Let d = -1 - 1. What are the prime factors of -3 - d - (-24)/1?
23
Let p = -43 - -64. Suppose 0 = -q - 1 + 4. Suppose -q*t + p = -9. List the prime factors of t.
2, 5
Let r(l) be the third derivative of 0*l - 7/60*l**5 - 2*l**2 + 0 - 7/24*l**4 - 2/3*l**3 - 1/120*l**6. What are the prime factors of r(-6)?
2
List the prime factors of 8 - -3*(-12)/9.
2
Suppose 4 - 16 = -4*o. Suppose 0 = 2*a + o*a - 5, 9 = i - 5*a. List the prime factors of i.
2, 7
Let m = 4 + -4. Let w be m - (2 + -1) - -37. Suppose -c - 3*c + w = 0. List the prime factors of c.
3
Let u(i) = -i**3 - 14*i**2 + 11*i - 1. What are the prime factors of u(-15)?
59
List the prime factors of 1/((-1)/(-2 + -58)).
2, 3, 5
Let i = -6 - -3. Let n = i - -8. List the prime factors of n.
5
Let h = 68 - 38. What are the prime factors of h?
2, 3, 5
Let g be (-5 + 0)/(-2 + 1). Suppose 0 = -0*k + g*k - 15. Suppose -k*q = q - 8. What are the prime factors of q?
2
Suppose 0 = 2*a + 3*a - 15. Suppose 0 = -a*v + 8*v + 25. What are the prime factors of -3*1*(-8 - v)?
3
Suppose 7*n = 4*n + 18. Let v(d) = -d + 6. Let t be v(n). Suppose t*k + k = 12. What are the prime factors of k?
2, 3
Suppose 0*r + 108 = 2*r. Let x = r - 105. Let j = 73 + x. What are the prime factors of j?
2, 11
List the prime factors of 1 - 2*(-17)/2.
2, 3
Let b be (-7 - -5)*(-5)/2. Suppose 3*f - 2*f = 4*p + 22, -f - b*p - 14 = 0. List the prime factors of f.
2, 3
Let j = 27 + -24. Su